22 - 11) + (-8 - -9).
-4
What is the value of 0 - -1 - (56 + -59)?
4
30 - (-2 + (11 - 20) - -10)
31
Calculate -4 + 0 - (0 - (-3 - (28 - 14))).
-21
13 + (4 - 19 - -9)
7
Evaluate 23 + -46 + 20 - (0 + -10).
7
Calculate 12 + (21 - (8 - -35)).
-10
7 + 7 + -3 + (2 - 2)
11
What is the value of 2 - 21 - (6 - 22)?
-3
5 + 14 + (-10 - (-11 - -7)) + -2
11
4 + -21 + 5 + 2 - (-3 - -2)
-9
Evaluate 6 + -17 + 13 + 1 + (18 - -2).
23
Calculate 805 + -792 + (28 - 2) + -1.
38
Evaluate 13 - 13 - 6 - (-2 + (2 - -5)).
-11
Calculate 12 - ((-2 - (0 - -2) - -2) + 4).
10
Calculate -3 + (15 - 65) - -26.
-27
What is the value of (-29 - (9 - 50)) + 3 + 0 + 1?
16
-14 - (-32 - (11 + -20)) - -4
13
What is the value of (-127 - -129) + (1 - -2) + -22 + 1?
-16
What is (-16 - -1) + (9 - (11 - 0)) - -4?
-13
What is the value of -4 - (10 + -1 + -1 + -6)?
-6
What is (1 + 0 - 4) + 20 + (-114 - -92)?
-5
14 + -3 + -3 + 7 + -8
7
What is 8 - (7 - (-7 + -6))?
-12
What is the value of (-13 - (13 + -21)) + 9?
4
-21 + 5 + (-14 - -35)
5
Evaluate (5 - 1) + (48 - 55) + 10 + -1.
6
Calculate (30 + -17 - -4) + (21 - 11).
27
-13 + 2 + (4 - -13)
6
Calculate -9 + 2 - (6 + -1 - 21).
9
14 + 18 + -25 + (-2 - -1)
6
What is the value of 1 + (-14 - -1) - -22?
10
What is the value of -2 - ((-96 - -101) + (-1 - 5))?
-1
What is 0 - (-9 + (-4 + 7 + 0 - -4))?
2
What is 8 - (10 - (-10 + 14 + -37))?
-35
What is -44 + 46 + -17 + -8?
-23
(-15 - (4 + 1)) + -3 + 14
-9
Calculate -5 + (-14 - (1 + -5 + -10 + 4)).
-9
What is -21 - -2 - (-188 - -180)?
-11
Calculate (-7 + 15 - (2 + 7) - -2) + 10.
11
Calculate 19 + 1 + -7 + -6.
7
Evaluate -13 + -6 - (-15 + 18).
-22
-9 + (3 - (13 + (-7 - 0)))
-12
Evaluate 2 - (8 - -1) - (-7 - (-5 - -8)).
3
What is (8 - 15) + -9 + 3 - -8?
-5
What is the value of -11 - (34 + -52) - 28?
-21
What is the value of 20 + -38 + (8 - 2)?
-12
What is -15 - (-10 + 10) - (5 + -6)?
-14
(-15 + 25 - (7 - 1) - 1) + 0
3
Evaluate 12 + (-18 - ((14 - 7) + -8)).
-5
Calculate -15 + 15 + -5 + (-12 - -21).
4
Calculate (5 - -6) + -9 + -8 + (0 - -2).
-4
(-12 - (-3 + 9 + -14)) + 32
28
Evaluate -2 + -4 + (-76 - -72) + 24.
14
(13 + -22 - 14) + 8 - (5 + 1)
-21
Evaluate (-1056 - -1071) + (0 - 2 - 33).
-20
Calculate (-14 - 2) + (0 - (0 - (2 - 5))).
-19
Evaluate (0 - (-6 + (-9 - -6 - -14))) + -4.
-9
-21 - -21 - (5 - -2)
-7
What is (-4 - 29) + 14 + 8?
-11
What is 22 - (-11 - -2 - (9 + -12 + -9))?
19
What is the value of -18 + 4 - (12 - (-2 + 53))?
25
What is (14 - (-10 - -27)) + (5 - -2)?
4
What is (-16 - (0 + -14)) + 14 - 21?
-9
What is (-4 - -5) + (2 - (-7 - -1 - 0))?
9
Calculate 3 - 0 - (-88 - -81).
10
-14 + (3 - 1 - -7) - 6
-11
-22 - -12 - -3 - (-1 + (-1 - -1))
-6
What is the value of 11 - (6 + 9 - 21)?
17
What is the value of (-4 - 0) + 15 + (-20 - -11) + -7?
-5
What is (0 - 8) + -14 + 22 + 10?
10
What is the value of 1 - 2 - (98 + -93)?
-6
What is the value of 28 - -1 - (-15 - -32)?
12
What is the value of 12 + -50 + (32 + -17 - 9)?
-32
Evaluate 18 + (-7 - 9) - 6.
-4
Evaluate -8 - (12 - 2 - (-50 + 60)).
-8
What is the value of -9 + 13 + 5 + -3 + (3 - 15)?
-6
What is the value of (-35 - -31) + 50 + -35?
11
2 + -2 + 14 - (-11 - (2 + -17))
10
0 - 1 - -6 - (-18 + 0 + 13)
10
Evaluate -5 - (-45 + 49 + -33 + 0).
24
-2 + 27 + 29 + -28 - 6
20
Calculate 2 - -11 - (-14 - (-19 + 6)).
14
Evaluate 5 - 8 - -27 - (29 - 23).
18
-9 + 12 + -5 + -2 + (17 - 0)
13
4 - (19 - (-15 + 2))
-28
Calculate 2 - (-21 - (3 - 31) - (8 - 0)).
3
Evaluate (38 - 47) + (-4 - -1 - -17).
5
Evaluate 14 + (3 + -20 - -36).
33
What is (0 - (1 + -11 + 8)) + -2?
0
Calculate -4 + (-7 - -11) - (6 - (2 - 0)).
-4
-1 - (-23 - (-8 + -4))
10
Evaluate -1 + (7 - 10) + -1 + 7 + -1.
1
What is the value of -1 + 1 + (-15 - -9)?
-6
Evaluate 8 - 6 - 9 - -6.
-1
-36 - (8 + -14 + (8 - 16))
-22
Evaluate -18 - (-3 + 13 - 38).
10
Evaluate -9 + 3 + (-13 - 2 - -8) + 7.
-6
What is 51 + (-32 + -23 - -36)?
32
What is 8 - (-6 + -5 + 8)?
11
What is the value of 12 + -11 - 14 - (-3 + 6 + -1)?
-15
-15 + 16 + -26 + 27
2
What is the value of 2 - (1 - 10 - (-57 - -49))?
3
Evaluate (-27 - -23) + -2 + -4 + 19 + -2.
7
What is (2 - -6) + -8 - 0 - -7?
7
Calculate -21 - (35 - 85 - -9).
20
What is 40 + 13 + -14 - (21 - 4)?
22
What is the value of 17 - 5 - (-15 + 10 - -13)?
4
Evaluate 6 - (-1 + 8 + -12 - -6).
5
What is 3 + 51 + 15 + -47?
22
Evaluate 7 - ((-2 - -1 - (0 - 5)) + 0).
3
What is (44 - 45) + (-3 - 7) + -5?
-16
Calculate -24 - -3 - (125 - 177).
31
Calculate -1 - (2 - 9) - (-951 - -970).
-13
Calculate -8 - ((-9 - -11) + 1).
-11
What is 23 + 1 + -24 - -21?
21
Evaluate 14 - (21 - (0 + -11 + 27)).
9
Calculate 0 + (-2 - 0) - (-17 + 7).
8
What is the value of (-20 - -3) + (3 - (-2 - -2))?
-14
What is 54 - 60 - (2 + -25) - 3?
14
(1 + 3 + -1 - 3) + (55 - 44)
11
Evaluate -14 + 14 - (-3 + 4 - -2).
-3
What is 6 + 11 + -22 - -9?
4
Evaluate 11 - (-14 - -16) - 0.
9
Evaluate -22 + 12 - (-2 + 6 - 0) - 2.
-16
What is the value of 38 - (15 + 1 + -2 + -3)?
27
(-1 - 3) + -2 - (-5 - (8 - 6))
1
Calculate 5 + (7 - 6) - -2 - -4.
12
What is the value of 10 + (20 - 11 - 20 - 6)?
-7
What is 9 + -25 + (11 - 12)?
-17
What is 17 + -32 - (-23 + 1 + 9)?
-2
What is (-78 - -53) + (51 - -1)?
27
Calculate 11 + (26 - 29 - (5 + -2 + -2)).
7
Calculate (-22 - (-16 - 1)) + 10.
5
(-5 - (-3 + -15)) + (-72 - -80)
21
Calculate 2 + 0 - ((-64 - -74) + (-7 - 0)).
-1
What is the value of (10 - (15 + -22 + 10)) + (3 - 2)?
8
What is the value of 10 + 3 - (34 - 21)?
0
Evaluate -23 + (9 - (8 - (3 + 1))).
-18
What is the value of 4 - -7 - (0 - (8 - 1 - 0))?
18
15 - (-10 + 14) - 22 - -3
-8
0 + (15 - 3) + (-13 + -2 - -5)
2
(-24 - -30) + -11 + 6 - (1 + 1)
-1
What is the value of 0 + 6 + -4 - (-7 + -1)?
10
What is -3 - ((-3 - (5 + (3 - 3))) + 1)?
4
15 - (-42 - -52 - 17)
22
Evaluate 1 + -7 - (-6 - (-2 - 6)).
-8
What is the value of -1 - ((2 - 2) + -6 + 15)?
-10
What is 1 + 5 - (-22 + -7 + 16 - -7)?
12
-2 - 17 - -37 - -6
24
What is 5 - (7 + -5 + -9 + -8)?
20
Calculate (-29 - -5) + 26 - 2.
0
What is the value of -685 - -666 - (-26 - 0)?
7
Calculate 3 - (-21 + 16) - (4 - 1).
5
What is -6 - (-3 + -4 + (1 - 7) + 17)?
-10
What is -1746 - -1758 - (-1 + 0 + 21)?
-8
Calculate 4 + -3 - (3 + -9 + 6).
1
-3 + -8 + 15 + (3 - 5)
2
What is -1 + 4 + (-19 + 10 - -3)?
-3
What is 13 + -4 + -6 + 4 - 9?
-2
What is 3 + (5 - -37) + -34?
11
Evaluate 9 + (-18 - (5 - 13)).
-1
0 + -12 + 1 + 47 + -41
-5
What is -13 + (-7 - -5) + (20 - 6)?
-1
What is the value of 15 + -14 + (2 - 2) - 16?
-15
Calculate -377 + 371 - (0 - 13) - (-1 - 11).
19
What is the value of -10 - -1 - (408 - 420)?
3
What is the value of (57 - (57 + 30)) + (-1 - -11)?
-20
-17 + (-2 - (-15 + -9 + 9))
-4
-23 + (-4 - -12 - -4)
-11
What is -7 - (-5 - 3) - (17 + -2)?
-14
Calculate 66 + (-60 - 12) - (1 - 3).
-4
Evaluate 6 + -5 + -8 + 10 + (-2 - 9).
-8
Evaluate (9 + -3 - (35 + -26)) + 0 + 15.
12
What is (29 - (8 + 5)) + -9 - (-9 - -28)?
-12
(3 - -3) + (-7 - -26) + (-8 - -4)
21
What is the value of -20 - 8 - -15 - (1 + -6)?
-8
What is (6 - 14) + (-13 - -9)?
-12
-27 + 10 + (-13 - -16)
-14
Calculate 16 + -15 + 3 - 26.
-22
Calculate 3 + -15 + (-9 - (-7 - 9)).
-5
2 + -6 - (-4 + 9)
-9
Evaluate 24 + -1 - (-145 + 146).
22
What is -1 + 9 - (-14 - 4)?
26
-14 - (-7 - (18 - 25))
-14
What is 26 + -39 + 5 + 4?
-4
Evaluate 3 - (-4 - (-12 + 2)) - 4.
-7
What is the value of 0 + 0 + -3 - -14?
11
Calculate (43 - 25) + 22 + -21.
19
What is the value of (-11 - -10 - -18) + -19 + (-33 - -1)?
-34
25 + (14 - (-9 - -3 - -12)) + -14
19
What is the value of (13 - 1) + (50 - 38) + 0 + -11?
13
Calculate 1 + 13 + -25 + 0 - 9.
-20
Evaluate (-1 - -6) + (-6 - (10 + -12)).
1
Evaluate -283 + 334 + (-29 - -1).
23
What is 13 + -13 - ((13 - 8) + -1)?
-4
Calculate (2 + -1 - -3) + -13 - (17 + -12).
-14
Calculate 2 + (-9 + 6 - -4) + (-1 - -1).
3
-24 - (-23 + -5 + 23 - -11)
-30
Evaluate 7 - (-38 + 26 + 10 + -3).
12
Evaluate -1 - (-16 - (-17 - -8)) - 6.
0
Evaluate (-3 - -1) + 10 + (0 - 5 - -1).
4
Evaluate (-9 - 0) + 2 + (-2 - 49 - -24).
-34
What is the value of -20 + (10 + -11 - 4 - -4)?
-21
Evaluate -14 + (14 - (-4 + 7)).
-3
What is the value of -1 + -5 - (5 + (-16 + 12 - 19))?
12
What is the value of -13 - (-16 + (7 - 5)) - -2?
3
What is -3 + 1 + -6 + (-28 - -28)?
-8
-20 + 6 + -3 - -7 - -31
21
Calculate -1 + -2 - (10 + -19 + -3).
9
Calculate 3 - 12 - (11 - (4 